factors of q.
5
Let i(t) = -1 - 4*t + 8*t**2 - 2 + 4 + t**3. Let k be i(-6). Suppose 4*a - k = 19. List the prime factors of a.
29
Suppose 80*b - 98*b = -36324. What are the prime factors of b?
2, 1009
Let j(c) = -15*c - 9. Let r(x) = 7*x + 4. Let g(u) = 6*j(u) + 11*r(u). Let k be -11 + 0 + 0 + 6. List the prime factors of g(k).
5, 11
Suppose 0*u + 2 = u. Suppose -4*b - 2*w + 196 = 0, 4*b - u*w - 245 = -b. Suppose 3*f - b = -q, -2*f - 4*q + 61 = f. List the prime factors of f.
3, 5
Let m = 105 + -104. What are the prime factors of m + (1 - 1) + 165 + 12?
2, 89
Let k = 122 + -115. Let r(g) = g**3 - 4*g**2 - 2*g - 3. What are the prime factors of r(k)?
2, 5, 13
Let d = 2517 - 1432. List the prime factors of d.
5, 7, 31
What are the prime factors of 15*-1*((-798)/30 + 1)?
2, 3
Suppose -2*i = 0, 5*v + 2*i + 15 = 6*i. Let x be (-122)/(-4) - v/(-2). Suppose 3*y - 166 = x. What are the prime factors of y?
5, 13
Let o = -6 - -4. Let f be (24/12)/(o/(-4)). Suppose 4*n + 2*a = 14, -3*n - f*a + 8 = -5*a. List the prime factors of n.
3
Let a(w) = w**3 - 17*w**2 - 18*w + 4. Let v be a(18). Suppose v*t - 4*f - 348 = 0, -253 = -3*t + 3*f + 2*f. What are the prime factors of t?
7, 13
Suppose 5*g - s - 334 - 1882 = 0, g = -4*s + 439. What are the prime factors of g?
443
Suppose -18*y + 10602 + 8424 = 0. What are the prime factors of y?
7, 151
Let k = 2044 - 1382. List the prime factors of k.
2, 331
Suppose 239 = -2*q + 1033. List the prime factors of q.
397
What are the prime factors of (-8)/10 + (-111072)/(-240)?
2, 3, 7, 11
Let g = -2199 + 5132. What are the prime factors of g?
7, 419
Let r(h) = 5*h**2 + 2*h - 3. Suppose 6 = u - 2*u. Let g be r(u). Suppose -8*n + 3*n + g = 0. List the prime factors of n.
3, 11
Suppose -y + 750 = 6*a - 2*a, -5*a = -25. List the prime factors of y.
2, 5, 73
Suppose l + w + 192 = -4*w, 0 = -4*l + 4*w - 768. Let r = -110 - l. Suppose -3*k + k + r = 4*z, 3*k - z - 95 = 0. What are the prime factors of k?
3, 11
Let g = -5 + 95. Suppose 0 = j - 0*j + l - 87, 4*l - g = -j. What are the prime factors of j?
2, 43
Suppose 3*a = 5*t + 27, 3*a = -0*a - 3*t + 3. Suppose -289 = -a*o + 23. List the prime factors of o.
2, 3, 13
Let n(t) = 8*t + 1544. List the prime factors of n(0).
2, 193
Let j(k) = k**3 - 8*k + 2. List the prime factors of j(3).
5
Suppose 126 = -0*b + 2*b. Let r = -67 - -45. Let k = r + b. What are the prime factors of k?
41
Suppose 4*n = 18*z - 22*z + 7636, 0 = 3*z + 5*n - 5735. List the prime factors of z.
3, 5, 127
Let n = -7 + 10. Let r be (-2)/(-6) - ((-990)/27)/10. Suppose -r*g + 2*l = -31 - 37, 0 = -n*g - 4*l + 62. List the prime factors of g.
2, 3
Let k(u) = 8 + 0 + 0 - 2*u. Suppose 41 = -10*q - 19. List the prime factors of k(q).
2, 5
Suppose 4*o - 12 = 0, -5*c - 4*o + 1171 = -671. List the prime factors of c.
2, 3, 61
Let s = -115 + 801. List the prime factors of s.
2, 7
Let u = -35 + 31. Let j(v) = -20*v + 4. List the prime factors of j(u).
2, 3, 7
Suppose -5*y + 6 = -3*y. Suppose -3*z - 304 = -y*i + i, i = z + 150. What are the prime factors of i?
2, 73
What are the prime factors of ((-72)/12)/((-4)/18)?
3
Let y be ((-3)/2)/(3/4). What are the prime factors of -1 - -3 - (y - 11)?
3, 5
Suppose -h - 2*u = -83, -4*h + 272 = -0*h - 4*u. Let j(i) = i**3 - 6*i**2 - 11*i + 9. Let n be j(7). Let y = n + h. What are the prime factors of y?
2, 3
Let k(o) = 2*o**2 - 2*o - 1. Suppose 2*i = 3*s - 2*i - 13, 0 = -2*s - i + 5. Suppose 0 = -a - 3*d - 2*d - 4, s*a = -5*d - 12. List the prime factors of k(a).
3, 13
List the prime factors of 8*(-3 + 15543/44).
2, 3, 467
Let s be 4/6 + (-2492)/(-42). Let f = s - 31. What are the prime factors of f?
29
Suppose -4*h - 16 = 0, 2*o + 2*h - 164 = -h. Suppose 0*q - 4*q = -o. List the prime factors of q.
2, 11
Let c(p) be the second derivative of p**4/12 - p**3/6 + 89*p**2/2 + 15*p. List the prime factors of c(0).
89
Suppose -614*a + 612*a = -1196. What are the prime factors of a?
2, 13, 23
Let t(m) = 6*m - 15. Let g be t(3). Suppose 0 = 4*b + g*u - 34, 4*b + u - 50 = 6*u. List the prime factors of b.
2, 5
Let b(o) = -1 + 12*o**2 + 0 + o**3 + 2 - 4*o**2. List the prime factors of b(-7).
2, 5
Let k(h) = -h**2 - 14*h + 9. Let p be k(-14). Let y(n) = n**2 - 10*n + 12. Let j be y(p). Suppose -j + 1 = -c. What are the prime factors of c?
2
Let i = -101 - -168. What are the prime factors of 4/(2 - 3) + i?
3, 7
Let c be (-517)/77 + (-2)/7. Let a(r) = -7*r + 24. List the prime factors of a(c).
73
Let c(r) = 4*r**2 - 3*r - 6. Let q(l) = l + 15. Let h be q(-9). What are the prime factors of c(h)?
2, 3, 5
Let c(t) = 2*t**2 + 2*t + 22. Let x be c(-9). Suppose 2*f - 52 = x. What are the prime factors of f?
109
List the prime factors of 5/6 + 1523647/402.
17, 223
Suppose 3*a = 5*c - 11797 + 3865, 0 = -c - 4*a + 1591. What are the prime factors of c?
3, 23
Suppose -2*x + 15 = -3. Suppose z + 3*v - 3 = 0, -2*z + z = -v + x. List the prime factors of 1/(-3) + (-128)/z.
3, 7
Suppose -g = -0 - 1, -2*j + 6 = 2*g. Suppose -j*w - 7 + 73 = 0. What are the prime factors of w?
3, 11
Let f = -47 - 18. List the prime factors of f/(-30) - 2 - 707/(-6).
2, 59
Let b = -58 + 51. Let l(a) = 12*a - 27. Let z(h) = -6*h + 13. Let k(d) = -4*l(d) - 7*z(d). What are the prime factors of k(b)?
59
Let l(n) = 11*n**3 - 4*n**2 + 2*n. What are the prime factors of l(7)?
3, 7, 19
Suppose 8500 = 3*g + 7*g. List the prime factors of g.
2, 5, 17
Suppose -3*j = -2*h + 2056, 66*j - 61*j = 4*h - 4112. What are the prime factors of h?
2, 257
Let q(l) = 2*l**3 + l**2 - 4*l - 17. List the prime factors of q(7).
2, 3, 5, 23
Let m(c) = c**2 + 6. Suppose f = 6*f - 5. Let l be (-2 + f)*3 - -6. What are the prime factors of m(l)?
3, 5
Let f be 1 + 0 + -1 + 6. Suppose -t + f*t - 215 = 0. What are the prime factors of t?
43
Suppose 0 = 24*y + 18*y - 76398. What are the prime factors of y?
17, 107
Let t be (-752)/(-18) + (-8)/(-36). Suppose v - 99 - t = -3*g, 6 = 2*v. What are the prime factors of g?
2, 23
Let v(m) = -3*m - 13. Let c(r) = -r**2 - 2*r - 3. Let n be c(-3). Let g be v(n). Suppose -g*o + 80 = 30. List the prime factors of o.
2, 5
Let l(t) = 49*t + 202. What are the prime factors of l(10)?
2, 173
Let h = -33 - -37. Suppose 2*j = -5*g + 110, -h*j = j. List the prime factors of g.
2, 11
Suppose 13*q = 14423 + 25422. What are the prime factors of q?
5, 613
Let l(u) = 127*u**2 + 6*u - 37. What are the prime factors of l(6)?
7, 653
Let g(m) = m + 14. Let k be g(-11). Suppose 5*n + 25 = k*d, -4*n = 4*d - n - 14. List the prime factors of d.
5
Let p = -35 + 36. What are the prime factors of p/((-2)/(-11))*(3 - 1)?
11
What are the prime factors of (21*-1)/((-153)/32283)?
3, 7, 211
Let r(n) = n + 2. Let y be r(3). Suppose 0*p - y*p = -225. List the prime factors of p.
3, 5
Let g(l) = 1907*l**3 + 3*l**2 - 2*l. What are the prime factors of g(1)?
2, 3, 53
Let g be -3 - 34/(-4) - 3/6. Suppose m + 374 = 5*i - 182, g*m + 540 = 5*i. What are the prime factors of i?
2, 7
Let i(d) = -3*d + 6. Suppose 4*z - 7 = 45. Let v = z - 19. List the prime factors of i(v).
2, 3
Let r(g) = 2*g - 21. Let j be r(-19). Let n = j - 132. Let l = -132 - n. What are the prime factors of l?
59
Let z be 4/(-10) + (-6)/(-30)*-548. Let a = -12 - z. What are the prime factors of a?
2, 7
Let q(v) = 3*v**3 + 30*v**2 + 7*v + 31. List the prime factors of q(-9).
211
Let f(z) = -2*z**3 - 6*z**2 + 6*z + 1. Let r(h) = h**3 + 7*h**2 - 6*h. Let j(m) = 2*f(m) + 3*r(m). Let n be j(7). Let y = -31 + n. List the prime factors of y.
3
Suppose 13443 = 5*u + 5*b - 1872, 2*u = 4*b + 6102. List the prime factors of u.
7, 19, 23
Let c(u) = u**3 + 8*u**2 + 21*u - 50. What are the prime factors of c(9)?
2, 379
Let m be (-2)/2*(-18 - -17). Suppose -i = -l + m, 0 = 3*l + 5*i + 1 + 4. Suppose -5*s + 0*s + 235 = l. What are the prime factors of s?
47
Suppose -2*s = -667 - 1597. List the prime factors of s.
2, 283
Let l(n) = -3*n - 4. Let b be l(-2). Let m = b + -4. What are the prime factors of ((-2)/(-6))/(m/(-90))?
3, 5
Let v be 29/9 + -1 + 28/36. Suppose p - v*t - 3 = -p, -6 = p - 4*t. List the prime factors of p.
2, 3
Let d be -1*(-57)/(2 - (-18)/(-10)). Let l = d + -138. What are the prime factors of l?
3, 7
List the prime factors of 9 + 132/4 - -10.
2, 13
Suppose f = 5*l + 1905, 2*l - 770 = 4